86?
True
Is 30991875 a multiple of 25?
True
Is 20 a factor of 782260?
True
Does 2 divide 24420?
True
Is 781469 a multiple of 74?
False
Does 383 divide 785150?
True
Is 553856 a multiple of 32?
True
Is 548306 a multiple of 11?
True
Is 3383947 a multiple of 191?
True
Does 15 divide 13575?
True
Does 156 divide 56472?
True
Is 33 a factor of 4728699?
False
Is 14181 a multiple of 64?
False
Is 3010287 a multiple of 393?
False
Is 155151 a multiple of 346?
False
Is 181 a factor of 48327?
True
Is 132986 a multiple of 98?
True
Is 12577746 a multiple of 13?
False
Is 22 a factor of 1163316?
True
Is 80 a factor of 124800?
True
Is 14 a factor of 2824150?
True
Is 2092356 a multiple of 28?
True
Does 40 divide 575280?
True
Does 5 divide 5675607?
False
Is 3957465 a multiple of 53?
False
Does 12 divide 352368?
True
Is 35774 a multiple of 91?
False
Does 17 divide 1039494?
False
Does 15 divide 5764?
False
Is 275007 a multiple of 4?
False
Is 126485 a multiple of 41?
True
Does 4 divide 150880?
True
Is 15 a factor of 593505?
True
Does 189 divide 328976?
False
Is 79616 a multiple of 64?
True
Is 4781454 a multiple of 109?
False
Is 7518333 a multiple of 609?
False
Does 544 divide 1307951?
False
Is 14915256 a multiple of 46?
False
Is 1492298 a multiple of 38?
True
Does 90 divide 46578?
False
Is 6492905 a multiple of 317?
False
Is 83127 a multiple of 373?
False
Is 89 a factor of 275216?
False
Is 130 a factor of 2684382?
False
Is 46 a factor of 122360?
True
Is 8 a factor of 51608?
True
Is 185088 a multiple of 48?
True
Is 78 a factor of 404692?
False
Is 15 a factor of 7432042?
False
Is 6527 a multiple of 17?
False
Is 1643365 a multiple of 44?
False
Is 1428330 a multiple of 470?
True
Is 1200534 a multiple of 315?
False
Does 359 divide 490744?
False
Does 109 divide 62893?
True
Is 1909505 a multiple of 13?
True
Does 13 divide 14428453?
True
Is 26 a factor of 30689?
False
Does 5 divide 52045?
True
Does 4 divide 2724138?
False
Is 278601 a multiple of 96?
False
Is 7 a factor of 2021546?
False
Is 715 a factor of 2945800?
True
Is 6 a factor of 1139358?
True
Is 29 a factor of 672331?
False
Is 6724465 a multiple of 11?
True
Does 338 divide 2454218?
True
Is 277974 a multiple of 23?
False
Is 42950 a multiple of 139?
False
Does 12 divide 24300?
True
Is 100 a factor of 114600?
True
Does 2 divide 399343?
False
Does 22 divide 121836?
True
Is 38 a factor of 65588?
True
Does 20 divide 1640065?
False
Is 30 a factor of 262431?
False
Does 993 divide 3942443?
False
Is 5 a factor of 16629?
False
Is 557 a factor of 485564?
False
Does 3 divide 134976?
True
Does 275 divide 719912?
False
Does 29 divide 65366?
True
Is 61 a factor of 5121560?
True
Is 1175856 a multiple of 11?
True
Is 1062416 a multiple of 39?
False
Is 93992 a multiple of 8?
True
Does 4 divide 114656?
True
Is 184 a factor of 139021?
False
Does 522 divide 25531020?
True
Is 331 a factor of 4179804?
False
Does 216 divide 802656?
True
Is 9 a factor of 79047?
True
Is 304 a factor of 61387?
False
Is 35 a factor of 204190?
True
Does 5 divide 232080?
True
Is 15 a factor of 20724?
False
Is 9 a factor of 136035?
True
Is 4542673 a multiple of 239?
True
Does 216 divide 3791861?
False
Is 58312 a multiple of 74?
True
Is 80 a factor of 49600?
True
Is 69236 a multiple of 38?
True
Is 9 a factor of 23139?
True
Is 25 a factor of 239400?
True
Does 16 divide 3182858?
False
Is 230208 a multiple of 109?
True
Is 88570 a multiple of 265?
False
Does 16 divide 2049056?
True
Is 71174 a multiple of 19?
True
Is 405419 a multiple of 52?
False
Does 3 divide 968628?
True
Is 399722 a multiple of 209?
False
Is 4 a factor of 101249?
False
Does 45 divide 2546505?
True
Does 75 divide 707700?
True
Is 4333313 a multiple of 10?
False
Is 271911 a multiple of 241?
False
Does 133 divide 79401?
True
Does 345 divide 207508?
False
Is 378112 a multiple of 28?
True
Is 249037 a multiple of 47?
False
Is 1515022 a multiple of 38?
True
Is 33 a factor of 804309?
True
Does 50 divide 93100?
True
Does 13 divide 171715?
False
Is 1653264 a multiple of 1032?
True
Is 1230905 a multiple of 261?
False
Is 35 a factor of 14802760?
True
Is 10 a factor of 1239573?
False
Is 65113 a multiple of 8?
False
Is 718704 a multiple of 23?
True
Does 39 divide 3564756?
True
Is 5 a factor of 906977?
False
Is 6 a factor of 79194?
True
Does 157 divide 5177703?
True
Is 2413385 a multiple of 5?
True
Does 2 divide 18499?
False
Is 12 a factor of 25320?
True
Is 70156 a multiple of 96?
False
Does 19 divide 2177666?
True
Is 203 a factor of 435855?
False
Does 67 divide 1323183?
True
Does 32 divide 6241196?
False
Is 4597979 a multiple of 15?
False
Is 11 a factor of 14289165?
True
Does 9 divide 113265?
True
Is 247280 a multiple of 22?
True
Does 13 divide 1094973?
False
Does 330 divide 549611?
False
Does 9 divide 591561?
True
Is 37402054 a multiple of 1029?
False
Is 322 a factor of 143669?
False
Is 8 a factor of 5507988?
False
Does 37 divide 404706?
True
Is 3 a factor of 11095?
False
Is 8888516 a multiple of 28?
True
Does 64 divide 2200068?
False
Does 9 divide 164826?
True
Is 95712 a multiple of 96?
True
Is 16834 a multiple of 19?
True
Is 1411227 a multiple of 337?
False
Is 45188 a multiple of 69?
False
Is 26 a factor of 4037410?
True
Is 22 a factor of 355960?
True
Is 156 a factor of 339924?
True
Is 40095 a multiple of 27?
True
Is 73 a factor of 557642?
False
Is 323348 a multiple of 42?
False
Is 1119702 a multiple of 86?
False
Is 382205 a multiple of 83?
False
Does 37 divide 791689?
True
Is 18 a factor of 642600?
True
Does 246 divide 927942?
False
Is 28 a factor of 2428812?
False
Is 8170 a multiple of 10?
True
Is 861783 a multiple of 247?
True
Does 683 divide 337824?
False
Does 21 divide 4365?
False
Is 2959414 a multiple of 32?
False
Does 407 divide 691086?
True
Is 1197913 a multiple of 6?
False
Is 104 a factor of 11024?
True
Does 452 divide 696080?
True
Does 25 divide 1497238?
False
Is 392181 a multiple of 31?
True
Is 56 a factor of 41104?
True
Does 247 divide 10208755?
False
Is 203881 a multiple of 179?
True
Is 1265834 a multiple of 182?
False
Does 256 divide 373008?
False
Is 1354972 a multiple of 382?
False
Is 8451144 a multiple of 36?
True
Is 4 a factor of 1495976?
True
Is 555 a factor of 151815?
False
Does 531 divide 4286831?
False
Is 3767009 a multiple of 529?
True
Is 30 a factor of 518310?
True
Is 26 a factor of 3674294?
True
Is 38448 a multiple of 18?
True
Is 231 a factor of 954954?
True
Is 522 a factor of 434304?
True
Does 25 divide 9013300?
True
Does 58 divide 528814?
False
Does 8 divide 129888?
True
Is 1441070 a multiple of 25?
False
Is 4097202 a multiple of 16?
False
Does 17 divide 1397179?
True
Does 380 divide 6334662?
False
Is 59662 a multiple of 96?
False
Does 535 divide 277665?
True
Is 141 a factor of 198387?
True
Does 4 divide 1051380?
True
Does 23 divide 1715317?
True
Is 38 a factor of 46627?
False
Is 207 a factor of 1558917?
True
Is 232 a factor of 947720?
True
Is 194 a factor of 6109642?
True
Is 24480 a multiple of 68?
True
Is 18369482 a multiple of 53?
True
Does 15 divide 2307815?
False
Does 6 divide 63864?
True
Is 1665836 a multiple of 6?
False
Is 291944 a multiple of 8?
True
Does 87 divide 878004?
True
Does 4 divide 70924?
True
Does 91 divide 168623?
True
Is 9 a factor of 1191348?
True
Is 15 a factor of 8867235?
True
Does 36 divide 147744?
True
Is 304730 a multiple of 4?
False
Is 15414718 a multiple of 319?
True
Does 13 divide 10121197?
False
Does 118 divide 157884?
True
Is 239 a factor of 1244104?
False
Is 72 a factor of 15473664?
True
Is 199 a factor of 3140419?
True
Is 16 a factor of 50483?
False
Is 8 a factor of 915907?
False
Is 17516 a multiple of 116?
True
Does 10 divide 1113860?
True
Is 967798 a multiple of 276?
False
Is 3439192 a multiple of 164?
False
Is 4 a factor of 264944?
True
Is 111 a factor of 1219943?
False
Does 77 divide 135047?
False
Is 4744 a multiple of 4?
True
Does 3 divide 36600?
True
Does 2 divide 127332?
True
Is 38 a factor of 90440?
True
Does 128 divide 568832?
True
Is 1725462 a multiple of 10?
False
Is 367757 a multiple of 81?
False
Is 545 a factor of 169034?
False
Is 6 a factor of 376617?
False
Does 25 divide 743400?
True
Does 39 divide 530204?
False
Does 30 divide 1011858?
False
Does 94 divide 1995526?
True
Is 869220 a multiple of 99?
True
Does 32 divide 296539?
False
Is 745